w*x - 279. What is the remainder when c is divided by s?
13
Let f(m) = -m**3 - 5*m**2 + 5. Let x = 29 + -34. Calculate the remainder when 7 is divided by f(x).
2
Let h(r) = r**3 + 12*r**2 - 16*r + 8. Let y be h(-12). Let u = y - 125. Calculate the remainder when u is divided by 26.
23
Suppose q = 1 + 1. Suppose -3*r = -6*r + p + 55, q*p - 10 = 0. Suppose 4*l + 0*b - 28 = -b, 0 = -5*l - 3*b + 35. What is the remainder when r is divided by l?
6
Suppose 355 = 12*g - 125. Calculate the remainder when g is divided by 33.
7
Let g be 26*(-1)/(-6)*3. Let w = 28 + g. Let o = 262 - 251. Calculate the remainder when w is divided by o.
8
Calculate the remainder when (-6)/24 - (-62)/16*22 is divided by 22.
19
Suppose 0 = 8*y - 842 + 402. Calculate the remainder when 1262 is divided by y.
52
Let s(g) = -g**3 - 18*g**2 + 15*g - 59. What is the remainder when 502 is divided by s(-19)?
9
Let k(a) = -3*a - 5. Let n be k(-7). Suppose -2*b = 2*b - n. Suppose b*m - m - 55 = -2*f, -5*f = 5. What is the remainder when 36 is divided by m?
17
Let d(p) = 26*p - 7. What is the remainder when d(4) is divided by (2 + (-15)/9)/(1/42)?
13
Let o = -3 - -10. Let a(r) = -r**2 - 9. Let l(h) = -1. Let p(v) = -a(v) + 4*l(v). Calculate the remainder when o is divided by p(0).
2
Suppose 5*b = -5*u + 3*b + 75, -4*b - 45 = -5*u. Suppose u*m - 19*m = -198. What is the remainder when m is divided by (24/15 - 1)*15?
6
Let l = -27 - -43. Suppose -3*w - 8 = 5*b, -5*b - w = l - 0. Let r = 15 + b. Calculate the remainder when r is divided by 5.
1
Let j = 81 - 48. What is the remainder when 94 is divided by j?
28
Let z = 114 - 106. Suppose -3*q = -i - q - 3, 3*q - 9 = 0. Calculate the remainder when z is divided by i.
2
Let w = -225 + 366. What is the remainder when w is divided by 16?
13
Let g(a) = -25*a - 31. What is the remainder when g(-7) is divided by 50?
44
Let l = -170 + 212. Calculate the remainder when l is divided by 22.
20
Let n(l) = -13*l**2 - 1. Let h = 8 - 9. Let b be n(h). Let i = b - -24. Calculate the remainder when 38 is divided by i.
8
Let l be 3/((-54)/39) + (-7)/(-42). Suppose -2*h - 4*v - v = -246, 5*h - 2*v = 557. Calculate the remainder when h is divided by (-348)/(-18)*(0 - 3/l).
26
Let u(a) = -a**2 + a + 2. Let k be u(1). Suppose 0 = -k*m - 3*m + 20. What is the remainder when m is divided by 3?
1
Let t = 35 + -32. Suppose -10 = -f + t. What is the remainder when 35 is divided by f?
9
Let t be 1/(-2) - 68/(-8). Suppose 3*k = t*k - 60. Calculate the remainder when 21 is divided by k.
9
Let z = 42 - 35. What is the remainder when 17 is divided by (20 - z) + (0 - 3 - 1)?
8
Let a(g) = 3*g - 3. Let f be a(9). Suppose 2*x + 23 = 2*h + x, h = 3*x + f. Calculate the remainder when 22 is divided by h.
4
Let f(w) = 4*w - 4. Suppose -4 = 3*s + 2*l - 18, 2*s = 2*l - 4. Let i be f(s). Suppose -204 = -0*r - i*r. What is the remainder when r is divided by 18?
15
Let y = 124 - 111. What is the remainder when 30 is divided by y?
4
Let c(t) = -3*t + 4. Let a be c(-2). Let w = a + 12. Calculate the remainder when 106 is divided by w.
18
Suppose 0*s - 2*s + 74 = 0. Calculate the remainder when s is divided by 26.
11
Let c(d) = 2*d**3 - d**2 + 8*d - 22. What is the remainder when 138 is divided by c(3)?
44
Calculate the remainder when 274 is divided by -32 - -109 - (-3 - -1).
37
Suppose 0*c = 4*h + 5*c + 488, c = 0. Let n = 158 + h. Suppose 0 = -4*s + y - 0*y + 72, 0 = 5*y - 20. What is the remainder when n is divided by s?
17
Let x = 19 - 13. Let v be (27/x)/((-2)/28). Let g = -38 - v. What is the remainder when g is divided by 14?
11
Let w(s) = -s**3 + 8*s**2 + 2*s + 5. Suppose 1 = -4*f - 2*u + 37, -6 = -3*u. Calculate the remainder when 104 is divided by w(f).
20
Suppose 0 = -35*b + 36*b - 90. Suppose 0 = g + 4*g - 275. Let n = 78 - g. What is the remainder when b is divided by n?
21
Calculate the remainder when 641 is divided by (-1848)/(-20) + 28/(-70).
89
Suppose -21*u + 20*u = -14. Let r = 19 - u. Suppose 38 = r*i - 22. Calculate the remainder when 45 is divided by i.
9
Let y(z) = z**3 + z**2 + 59. Let t = -12 - -12. Suppose 22 - 7 = q. Calculate the remainder when y(t) is divided by q.
14
Let k(s) = -s + 2. Let d be k(-2). Suppose 0 = -3*o + 6 - 0. Calculate the remainder when 16 is divided by 12*o/d*1.
4
Suppose 174*y = 171*y + 51. Let b = 30 - y. What is the remainder when 62 is divided by b?
10
Let h = 1339 + -1328. Calculate the remainder when 129 is divided by h.
8
Let l = 151 + -153. Calculate the remainder when 36 is divided by ((-2 - -3) + l)/((-2)/28).
8
Let s(o) = o**3 - o**2 + o - 2. Let a be s(3). Let l = -15 + a. Suppose 0 = -l*u - 48 + 156. What is the remainder when 106 is divided by u?
25
Let x(t) = 20*t + 990. What is the remainder when 158 is divided by x(-48)?
8
Let j be ((-112)/(-3))/(8/12). What is the remainder when (-5 + 2)/((-2)/j) is divided by 43?
41
Suppose -4*b - f = 32, -6*f = -2*b - 2*f - 16. Let o = 14 - b. What is the remainder when 107 is divided by o?
19
Let h(p) = p**2 - 11*p + 36. What is the remainder when 46 is divided by h(7)?
6
Let x(h) = -h**2 + 8*h + 76. Let y be x(22). Let j = 500 + y. What is the remainder when j is divided by 45?
43
Let v = 58 - -57. Suppose 2 + 0 = 2*u. Calculate the remainder when v is divided by 2 - (u - 2*14).
28
Suppose -325 = -3*i - 2*i. Suppose i + 54 = 7*b. Calculate the remainder when 49 is divided by b.
15
Let d = 137 + -137. Calculate the remainder when ((-3)/4)/(3/(-84)) is divided by (d + (-14)/7)*22/(-4).
10
Let r = -1879 - -2837. Suppose r = 7*n - 92. Suppose -2*a + 4*w + n = 0, -a + 29 = 2*w - 62. What is the remainder when a is divided by 28?
27
Suppose -34*q - 415 = -39*q. Calculate the remainder when q is divided by 35.
13
Let v(z) = 27*z - 14*z**2 + 26 + 0*z**3 + z**3 + 13 + 41*z**2. Let q = 94 - 43. Calculate the remainder when q is divided by v(-26).
12
Let a(o) = -27*o + 3. Let s(n) = 14*n - 1. Let p(m) = 2*a(m) + 5*s(m). Let d = 27 + -26. Calculate the remainder when 33 is divided by p(d).
16
Calculate the remainder when (-3)/((-105)/(-108) + -1) + 1 is divided by 11.
10
Let t = 189 - 15. Suppose -4*l - 2*f + 364 = -0*l, -t = -2*l - 5*f. What is the remainder when l is divided by 48?
44
Let w = 4689 + -3378. Calculate the remainder when w is divided by 14.
9
Let j = 176 - 119. Calculate the remainder when j is divided by 11.
2
Let l(v) = 1. Suppose 1 = -2*p + 3*p. Let s(j) = -j - 10. Let m(d) = p*s(d) + 4*l(d). Calculate the remainder when 6 is divided by m(-11).
1
Suppose 0*z - 2*z = 34. Let j = z - -22. Suppose -52 - 118 = -j*i. What is the remainder when i is divided by 18?
16
Suppose 0 = -2*z - 312 - 282. Calculate the remainder when 39 is divided by 191/9 + (-11)/(z/(-6)).
18
Suppose -3*v + 4*b - 5 = 2, 10 = -2*v + 4*b. Suppose 30 = -3*f - 3*a, 2*f = 2*a - v*a - 16. What is the remainder when (-276)/(-9) + 4/f is divided by 16?
14
Let y = 9 + -7. Let t = 6 - y. Let l = -26 + 28. Calculate the remainder when t is divided by l.
0
Let r(c) be the third derivative of c**4/8 + c**3/3 - 6*c**2. Let p be r(-7). Let u = -6 - p. What is the remainder when 63 is divided by u?
11
Let k = 108 + -62. Let j = -21 - -45. Let h = -16 + j. Calculate the remainder when k is divided by h.
6
Suppose -4*k - 96 = -k. Calculate the remainder when 93 is divided by k/144 - (-218)/9.
21
Suppose -723 - 1160 = -7*w. Calculate the remainder when w is divided by 25.
19
Let m(v) = v**2 - 15*v + 53. Let i be m(6). Let d(z) be the first derivative of 19*z**3/3 + z**2 + 2*z + 2. Calculate the remainder when d(i) is divided by 5.
4
Suppose 5*k = -6*k - 1364. What is the remainder when k/5*(-20)/(7 + -3) is divided by 42?
40
Let w(c) = -3*c**2 + 20*c - 17. Let l(z) = 7*z**2 - 39*z + 33. Let a(s) = -2*l(s) - 5*w(s). Calculate the remainder when a(22) is divided by 7.
5
Suppose 5*n + 15 = 3*z - 0, z + 2*n - 5 = 0. Suppose 2*s - 5*s + r = -174, z*s + 5*r = 310. What is the remainder when s is divided by 31?
28
Suppose -26 = -3*j + 73. Let q = -9 + 11. Suppose 45 = -w + 5*w - 3*f, 5*w = -q*f + 62. Calculate the remainder when j is divided by w.
9
Let w be (-6)/10 - 10/25. Let n(q) = -2*q + 2. What is the remainder when (-158)/(-14) + (-4)/14 is divided by n(w)?
3
Suppose 10*a = -2*a + 540. What is the remainder when a is d